?
1
What is the tens digit of 151326743?
4
What is the thousands digit of 95203134?
3
What is the hundred thousands digit of 21066490?
0
What is the tens digit of 35543960?
6
What is the ten millions digit of 105149370?
0
What is the ten thousands digit of 52046802?
4
What is the hundred thousands digit of 1833944231?
9
What is the thousands digit of 117632807?
2
What is the units digit of 344771800?
0
What is the millions digit of 27351492?
7
What is the thousands digit of 855922230?
2
What is the millions digit of 2780884723?
0
What is the tens digit of 626610239?
3
What is the millions digit of 1083306725?
3
What is the ten millions digit of 333740026?
3
What is the hundreds digit of 1346760020?
0
What is the ten thousands digit of 7802232?
0
What is the ten millions digit of 367155077?
6
What is the ten thousands digit of 29644514?
4
What is the ten thousands digit of 25192715?
9
What is the ten millions digit of 1337856512?
3
What is the tens digit of 1924176762?
6
What is the ten millions digit of 1956927511?
5
What is the ten millions digit of 110289582?
1
What is the hundreds digit of 2448314079?
0
What is the ten thousands digit of 184204653?
0
What is the ten thousands digit of 848046612?
4
What is the hundred thousands digit of 3401460863?
4
What is the millions digit of 257836766?
7
What is the thousands digit of 410005?
0
What is the hundreds digit of 131618771?
7
What is the thousands digit of 1227752785?
2
What is the ten thousands digit of 2949221930?
2
What is the tens digit of 42238187?
8
What is the millions digit of 177610069?
7
What is the ten thousands digit of 777166663?
6
What is the tens digit of 668910153?
5
What is the billions digit of 4389269881?
4
What is the hundred thousands digit of 419224125?
2
What is the tens digit of 855981525?
2
What is the thousands digit of 832572107?
2
What is the hundreds digit of 1019444?
4
What is the tens digit of 106323418?
1
What is the tens digit of 277547009?
0
What is the units digit of 405098689?
9
What is the thousands digit of 44771444?
1
What is the hundred millions digit of 334139832?
3
What is the millions digit of 37515253?
7
What is the ten millions digit of 1601161657?
0
What is the ten millions digit of 744065901?
4
What is the ten thousands digit of 4822583689?
8
What is the millions digit of 76398319?
6
What is the hundred thousands digit of 194228763?
2
What is the hundreds digit of 35058630?
6
What is the hundred thousands digit of 898348?
8
What is the units digit of 357147863?
3
What is the ten millions digit of 270774325?
7
What is the ten millions digit of 133541984?
3
What is the hundred millions digit of 3825457192?
8
What is the tens digit of 42221684?
8
What is the hundred millions digit of 462242319?
4
What is the hundred millions digit of 868459192?
8
What is the hundred millions digit of 475590708?
4
What is the hundreds digit of 2913078101?
1
What is the ten millions digit of 40195956?
4
What is the units digit of 159661278?
8
What is the ten millions digit of 630883782?
3
What is the hundred millions digit of 709653396?
7
What is the millions digit of 3364639382?
4
What is the units digit of 460751730?
0
What is the ten millions digit of 1772152287?
7
What is the millions digit of 750064400?
0
What is the ten thousands digit of 715228340?
2
What is the hundred millions digit of 3527900099?
5
What is the units digit of 359638427?
7
What is the hundred thousands digit of 10536408?
5
What is the millions digit of 530578984?
0
What is the tens digit of 35779039?
3
What is the ten thousands digit of 28010229?
1
What is the thousands digit of 2296278356?
8
What is the ten thousands digit of 1813175988?
7
What is the tens digit of 211931503?
0
What is the units digit of 1064206784?
4
What is the hundreds digit of 598326559?
5
What is the hundred thousands digit of 364786159?
7
What is the thousands digit of 87577201?
7
What is the hundred thousands digit of 7198774?
1
What is the hundred millions digit of 8090148455?
0
What is the hundred millions digit of 106334169?
1
What is the thousands digit of 8511023163?
3
What is the ten thousands digit of 45026853?
2
What is the ten millions digit of 58041192?
5
What is the thousands digit of 1253410?
3
What is the units digit of 1275119497?
7
What is the hundred millions digit of 6000694874?
0
What is the ten millions digit of 532340698?
3
What is the millions digit of 132990562?
2
What is the thousands digit of 24486715?
6
What is the millions digit of 1331870031?
1
What is the millions digit of 626355123?
6
What is the ten millions digit of 50036028?
5
What is the hundreds digit of 487832744?
7
What is the tens digit of 4819964?
6
What is the ten thousands digit of 32560255?
6
What is the hundred millions digit of 1012642912?
0
What is the ten thousands digit of 630405280?
0
What is the hundreds digit of 2849792809?
8
What is the ten millions digit of 9763153790?
6
What is the hundred thousands digit of 1817506718?
5
What is the hundred thousands digit of 781275890?
2
What is the ten millions digit of 1433137510?
3
What is the ten thousands digit of 534905040?
0
What is the thousands digit of 2734065209?
5
What is the hundreds digit of 3157365759?
7
What is the hundred millions digit of 1130766210?
1
What is the thousands digit of 195563089?
3
What is the units digit of 42415864?
4
What is the ten millions digit of 274511791?
7
What is the thousands digit of 419128174?
8
What is the hundred thousands digit of 220825312?
8
What is the hundreds digit of 44117069?
0
What is the millions digit of 53492003?
3
What is the ten millions digit of 777230963?
7
What is the units digit of 17451317?
7
What is the units digit of 2037590345?
5
What is the ten thousands digit of 68384126?
8
What is the hundred thousands digit of 2160437354?
4
What is the units digit of 3045714357?
7
What is the tens digit of 314574156?
5
What is the thousands digit of 57373548?
3
What is the ten millions digit of 46774186?
4
What is the hundreds digit of 74576130?
1
What is the thousands digit of 154344485?
4
What is the millions digit of 45406511?
5
What is the hundred millions digit of 1252189170?
2
What is the hundreds digit of 4082654?
6
What is the units digit of 6583221?
1
What is the hundred millions digit of 9053231883?
0
What is the hundreds digit of 73517867?
8
What is the hundreds digit of 566765005?
0
What is the ten thousands digit of 70290312?
9
What is the hundred thousands digit of 143737715?
7
What is the ten thousands digit of 1310448282?
4
What is the hundreds digit of 140323517?
5
What is the millions digit of 45715615?
5
What is the thousands digit of 24301295?
1
What is the thousands digit of 634985799?
5
What is the units digit of 653321675?
5
What is the ten thousands digit of 812856692?
5
What is the ten thousands digit of 95105589?
0
What is the hundred millions digit of 415146107?
4
What is the ten thousands digit of 2547736256?
3
What is the ten millions digit of 5973232109?
7
What is the millions digit of 1052672426?
2
What is the hundred thousands digit of 55107944?
1
What is the ten millions digit of 101492851?
0
What is the ten thousands digit of 16496952?
9
What is the hundred millions digit of 137495645?
1
What is the hundred thousands digit of 303002624?
0
What is the ten thousands digit of 73666179?
6
What is the hundreds digit of 30106781?
7
What is the hundred thousands digit of 126078585?
0
What is the tens digit of 15129748?
4
What is the hundred millions digit of 667384188?
6
What is the ten millions digit of 40755630?
4
What is the ten millions digit of 85947056?
8
What is the ten millions digit of 42120109?
4
What is the hundred thousands digit of 172251662?
2
What is the units digit of 67978677?
7
What is the millions digit of 19368834?
9
What is the ten thousands digit of 291689048?
8
What is the ten thousands digit of 16686402?
8
What is the thousands digit of 1169128849?
8
What is the ten thousands digit of 400134587?
3
What is the tens digit of 195308301?
0
What is the ten thousands digit of 315203150?
0
What is the hundred millions digit of 394452262?
3
What is the ten millions digit of 35151802?
3
What is the hundred thousands digit of 127714067?
7
What is the hundred millions digit of 20084